emainder when 1053 is divided by 44.
41
What is the remainder when 3316 is divided by 14?
12
Calculate the remainder when 3764 is divided by 34.
24
Calculate the remainder when 1529 is divided by 272.
169
Calculate the remainder when 52 is divided by 23.
6
What is the remainder when 415 is divided by 8?
7
Calculate the remainder when 955 is divided by 166.
125
What is the remainder when 1671 is divided by 105?
96
Calculate the remainder when 335 is divided by 24.
23
Calculate the remainder when 201 is divided by 12.
9
What is the remainder when 1519 is divided by 58?
11
Calculate the remainder when 2768 is divided by 13.
12
What is the remainder when 189 is divided by 32?
29
What is the remainder when 1163 is divided by 45?
38
Calculate the remainder when 214 is divided by 12.
10
What is the remainder when 13917 is divided by 15?
12
Calculate the remainder when 106 is divided by 27.
25
What is the remainder when 561 is divided by 127?
53
Calculate the remainder when 202 is divided by 30.
22
What is the remainder when 165 is divided by 83?
82
Calculate the remainder when 268 is divided by 1.
0
What is the remainder when 696 is divided by 50?
46
What is the remainder when 1768 is divided by 364?
312
What is the remainder when 234 is divided by 29?
2
Calculate the remainder when 1415 is divided by 24.
23
Calculate the remainder when 3162 is divided by 13.
3
What is the remainder when 107 is divided by 15?
2
What is the remainder when 57 is divided by 30?
27
What is the remainder when 151 is divided by 32?
23
What is the remainder when 1299 is divided by 14?
11
Calculate the remainder when 10119 is divided by 8.
7
What is the remainder when 300 is divided by 55?
25
Calculate the remainder when 1445 is divided by 63.
59
What is the remainder when 788 is divided by 174?
92
Calculate the remainder when 60899 is divided by 105.
104
What is the remainder when 49 is divided by 31?
18
What is the remainder when 101 is divided by 21?
17
Calculate the remainder when 809 is divided by 136.
129
What is the remainder when 567 is divided by 192?
183
What is the remainder when 959 is divided by 20?
19
What is the remainder when 3767 is divided by 102?
95
What is the remainder when 529 is divided by 38?
35
What is the remainder when 4018 is divided by 10?
8
Calculate the remainder when 226 is divided by 198.
28
What is the remainder when 527 is divided by 120?
47
What is the remainder when 185 is divided by 80?
25
Calculate the remainder when 116 is divided by 10.
6
Calculate the remainder when 446 is divided by 68.
38
Calculate the remainder when 1726 is divided by 168.
46
Calculate the remainder when 261 is divided by 19.
14
What is the remainder when 396 is divided by 69?
51
What is the remainder when 467 is divided by 159?
149
Calculate the remainder when 385 is divided by 20.
5
What is the remainder when 226 is divided by 117?
109
Calculate the remainder when 868 is divided by 450.
418
Calculate the remainder when 67 is divided by 7.
4
Calculate the remainder when 248 is divided by 21.
17
Calculate the remainder when 81 is divided by 12.
9
Calculate the remainder when 91 is divided by 38.
15
What is the remainder when 239 is divided by 233?
6
Calculate the remainder when 4510 is divided by 16.
14
Calculate the remainder when 115 is divided by 39.
37
Calculate the remainder when 3516 is divided by 65.
6
Calculate the remainder when 650 is divided by 641.
9
What is the remainder when 4147 is divided by 154?
143
Calculate the remainder when 51 is divided by 31.
20
Calculate the remainder when 126 is divided by 28.
14
Calculate the remainder when 87 is divided by 23.
18
Calculate the remainder when 38 is divided by 23.
15
Calculate the remainder when 31 is divided by 10.
1
Calculate the remainder when 3491 is divided by 73.
60
What is the remainder when 1312 is divided by 18?
16
Calculate the remainder when 411 is divided by 205.
1
What is the remainder when 1881 is divided by 112?
89
What is the remainder when 540 is divided by 11?
1
What is the remainder when 1103 is divided by 8?
7
What is the remainder when 981 is divided by 164?
161
What is the remainder when 9853 is divided by 135?
133
Calculate the remainder when 1759 is divided by 110.
109
Calculate the remainder when 592 is divided by 9.
7
What is the remainder when 81 is divided by 53?
28
Calculate the remainder when 112 is divided by 60.
52
What is the remainder when 435 is divided by 248?
187
Calculate the remainder when 104 is divided by 33.
5
Calculate the remainder when 143 is divided by 29.
27
Calculate the remainder when 349 is divided by 44.
41
Calculate the remainder when 253 is divided by 44.
33
Calculate the remainder when 139 is divided by 32.
11
Calculate the remainder when 189 is divided by 48.
45
What is the remainder when 496 is divided by 20?
16
Calculate the remainder when 1066 is divided by 131.
18
What is the remainder when 764 is divided by 189?
8
Calculate the remainder when 76909 is divided by 152.
149
What is the remainder when 426 is divided by 11?
8
Calculate the remainder when 2726 is divided by 11.
9
What is the remainder when 1578 is divided by 521?
15
What is the remainder when 2366 is divided by 23?
20
Calculate the remainder when 384 is divided by 41.
15
What is the remainder when 292 is divided by 71?
8
What is the remainder when 1212 is divided by 15?
12
Calculate the remainder when 822 is divided by 406.
10
What is the remainder when 656 is divided by 13?
6
Calculate the remainder when 3695 is divided by 7.
6
What is the remainder when 1047 is divided by 24?
15
Calculate the remainder when 77 is divided by 10.
7
Calculate the remainder when 289 is divided by 51.
34
What is the remainder when 1038 is divided by 46?
26
Calculate the remainder when 747 is divided by 150.
147
Calculate the remainder when 7231 is divided by 16.
15
Calculate the remainder when 2282 is divided by 758.
8
Calculate the remainder when 377 is divided by 25.
2
Calculate the remainder when 1087 is divided by 68.
67
Calculate the remainder when 1137 is divided by 49.
10
What is the remainder when 1040 is divided by 107?
77
Calculate the remainder when 97 is divided by 34.
29
Calculate the remainder when 1853 is divided by 35.
33
Calculate the remainder when 14881 is divided by 33.
31
What is the remainder when 169 is divided by 4?
1
Calculate the remainder when 48 is divided by 17.
14
What is the remainder when 1723 is divided by 5?
3
What is the remainder when 143 is divided by 21?
17
Calculate the remainder when 2406 is divided by 33.
30
Calculate the remainder when 17577 is divided by 60.
57
Calculate the remainder when 4313 is divided by 32.
25
What is the remainder when 606 is divided by 47?
42
What is the remainder when 7 is divided by 2?
1
What is the remainder when 703 is divided by 190?
133
What is the remainder when 1429 is divided by 37?
23
What is the remainder when 22 is divided by 22?
0
Calculate the remainder when 169 is divided by 44.
37
What is the remainder when 1816 is divided by 90?
16
What is the remainder when 2173 is divided by 145?
143
Calculate the remainder when 43 is divided by 13.
4
Calculate the remainder when 169 is divided by 19.
17
Calculate the remainder when 910 is divided by 16.
14
Calculate the remainder when 8494 is divided by 18.
16
Calculate the remainder when 97 is divided by 46.
5
What is the remainder when 257 is divided by 65?
62
What is the remainder when 1243 is divided by 48?
43
What is the remainder when 160 is divided by 69?
22
Calculate the remainder when 67 is divided by 6.
1
What is the remainder when 1644 is divided by 24?
12
What is the remainder when 291 is divided by 73?
72
Calculate the remainder when 3576 is divided by 20.
16
Calculate the remainder when 2431 is divided by 481.
26
Calculate the remainder when 318 is divided by 42.
24
Calculate the remainder when 8660 is divided by 102.
92
Calculate the remainder when 4026 is divided by 28.
22
Calculate the remainder when 128 is divided by 26.
24
Calculate the remainder when 2697 is divided by 90.
87
What is the remainder when 21 is divided by 14?
7
What is the remainder when 581 is divided by 6?
5
Calculate the remainder when 502 is divided by 24.
22
Calculate the remainder when 5868 is